pose -4*v = -2*v - o. Suppose 5*w + 3*c = 27 + 173, -2*w - v*c + 80 = 0. What is the tens digit of w?
4
Let o = -25 + 31. What is the units digit of (-2)/o*(-56 - -11)?
5
What is the units digit of 1/((-6 + (-7122)/(-1188))/(-11))?
8
What is the tens digit of (4 - -2)/(13544/1692 + -8)?
6
Let u(b) = b + 5. Let a(g) = -g**2 + 11*g - 4. Let z be a(10). Let s be u(z). Suppose s*o - 38 = 9*o. What is the units digit of o?
9
Suppose 33*q - 6554 = 72910. What is the thousands digit of q?
2
Let k(x) = 3*x**2 - 18*x - 3. What is the tens digit of k(7)?
1
Suppose -3*x - 5*z = 346, 4*x - 3*z + 446 - 33 = 0. Let q = x + 145. What is the units digit of q?
8
Let l = 10733 + -7201. What is the hundreds digit of l?
5
Suppose -c - 35 - 20 = 0. What is the tens digit of c/(-1) - (17 + -13)?
5
Suppose -18*z + 28566 = 51*z. What is the units digit of z?
4
Let i = 11 - -40. Let h = 54 + i. What is the hundreds digit of h?
1
Let r(i) = -i. Let s be r(-2). Suppose -4 - 5 = -3*l. Suppose -4*g + 150 = -s*b, -l*g + 4*b = -59 - 56. What is the units digit of g?
7
Suppose -4*a - 4*r + 2544 = -2532, 8 = -4*r. What is the hundreds digit of a?
2
Let r be ((-12)/(-2))/(2/(-3)). Let l = -4 - r. Let v = 3 + l. What is the units digit of v?
8
Let x = -13 + 62. Suppose -n + 0 + x = 0. What is the tens digit of n?
4
Let l(o) = -348*o**3 + o**2 - 4*o - 6. What is the units digit of l(-1)?
7
Let v(x) be the first derivative of 1/2*x**2 - x + 3. What is the units digit of v(7)?
6
Let j = -34 - 144. What is the tens digit of -7 + 4 - (j - 0)?
7
What is the hundreds digit of (0 - -88)*(539/(-28))/(-7)?
2
What is the hundreds digit of (-246)/(-5)*600/45?
6
Let s(o) = -o**3 + 8*o**2 - 8*o + 6. Let b be s(7). Let t be (-4)/(-6)*(-3)/b. What is the tens digit of (38/4)/(1/t)?
1
Let a(c) = c**3 + 10*c**2 + c + 9. Let q be a(-10). Let u(w) = w**2 - 1. Let g be u(q). Suppose 4*r - 140 + 8 = g. What is the units digit of r?
3
Suppose 5*a = 10 - 70. What is the units digit of (110/44)/((-5)/a)?
6
Let g(a) = a**2 + 6*a - 14. Let h = -9 - -1. Let r be g(h). Suppose r*z + 20 = 106. What is the units digit of z?
3
Let x(w) = -w + 9. Let i be x(5). Let z(r) = r**2 - r + 12. What is the units digit of z(i)?
4
Suppose -5*o + 79 + 96 = 0. Let f = 51 - o. What is the tens digit of f?
1
Let b(j) = 7*j**2 + 11*j - 10. Let m(s) = s - 15. Let l be m(12). Let n(x) = 4*x**2 + 5*x - 5. Let o(v) = l*b(v) + 5*n(v). What is the units digit of o(-7)?
2
Suppose 2*c - 4*i = 40, -4*i + 145 = 5*c + i. Suppose -c*l + 57 = -25*l. What is the tens digit of l?
5
Suppose 5*q - 100 = -0*q. Suppose -2*x + 128 + q = 0. What is the tens digit of x?
7
Suppose 378*n + 13970 = 389*n. What is the thousands digit of n?
1
Let i = -26 - -36. What is the tens digit of (107 + -1)*25/i?
6
Suppose 615 = 4*k - k. Let g be ((-14)/(-35))/(1/k). Let i = g + -46. What is the units digit of i?
6
Let m be (-3)/(-6) + (-338)/(-4). Let v = m - 28. Let r = -18 + v. What is the tens digit of r?
3
Suppose 5*h - 86 = -4*i, -4*i = -7*i + 2*h + 53. Suppose 16 = 7*v - i. Suppose v*a - a = 104. What is the units digit of a?
6
Let u = 36 - 33. What is the units digit of 122 - (u - (-5)/(-1))?
4
Let k(f) = 0 - 3*f - 5 + 4 + f. Let j be (-1 + -5)*2/2. What is the tens digit of k(j)?
1
Let h(f) = 11*f**2 - 16*f + 102. What is the units digit of h(11)?
7
Let i be (-4)/(-6) + 28/(-6). What is the tens digit of (-3 + (-14)/i)*64 - -2?
3
Let a = 769 + 586. What is the tens digit of a?
5
What is the tens digit of 3862 - 0 - (-9 + (14 - 6))?
6
Let i = -30 - -34. Suppose -2*p + 24 = i*p. What is the units digit of p?
4
Let d = 94 + -84. Suppose -1 - 49 = -d*t. What is the units digit of t?
5
Let s be 1/((7/(-35))/(3/5)). What is the units digit of (-1)/4*(-511 - s)?
7
Let n = -808 - -2817. What is the thousands digit of n?
2
Let h(r) = 2*r + 21. Suppose 21*p = 17*p. What is the units digit of h(p)?
1
Suppose 2*p + 3*p - 235 = 0. Suppose -4*b = -r + p + 40, -5*b - r - 120 = 0. Let c = b - -37. What is the units digit of c?
4
Let f be 1/2*0 + 182/7. Let d = f - 20. What is the units digit of d?
6
Suppose h - 83 = -3*v + 244, 0 = 3*h + 9. Let n = -109 + v. What is the units digit of n?
1
Let q(i) be the second derivative of i**5/10 - i**4/4 - 2*i**3/3 + i**2/2 - 2*i. Let t be (0/(-4) + 1)*3. What is the tens digit of q(t)?
1
Suppose -2*m = -b - 1321, 3*m + 11*b - 16*b - 1985 = 0. What is the units digit of m?
0
Suppose -2*d + 4*d = 6, -t + 3*d = 31. Let s = 43 + t. What is the tens digit of s?
2
Let a(b) be the third derivative of b**5/60 - b**4/12 + 5*b**3/6 - b**2. What is the tens digit of a(9)?
6
What is the units digit of ((-1808)/(-12))/(8/12)?
6
Suppose -258 = -3*q - 48. Suppose q - 20 = t. What is the tens digit of t?
5
Let z = 3 + -1. Suppose -9*y = 5*y + 672. What is the units digit of (z + 16/(-6))*y?
2
Let t(b) = 3*b**2 + 21*b - 74. What is the units digit of t(-18)?
0
Let r(t) = -121*t - 3. Let s be r(-2). Suppose -81 = -5*a + s. What is the units digit of 9/(-3) + a + -4?
7
Suppose -210 = -5*z + 3*a, -3*z - 10*a + 160 = -5*a. What is the units digit of z?
5
Let a be (9/3 + 0)*1. Suppose -i - 4*k - 152 = -3*i, 0 = -a*i - 3*k + 264. What is the units digit of i?
4
Let y be (0 - 1)/((-4)/68). Let t = y - -57. What is the units digit of t?
4
Let q = -24 + 29. Suppose -3*d + 10 = -5*d, -q*d - 90 = 5*v. Let u(k) = -3*k - 3. What is the units digit of u(v)?
6
Suppose 0 = 2*a - 0*a - b - 8, -16 = -4*a + 4*b. Suppose 0 = 5*q - 3*q - a. Suppose -q*v = -0*v - 64. What is the units digit of v?
2
Let a = 622 - 159. What is the tens digit of a?
6
Let o = 1232 + -485. What is the hundreds digit of o?
7
Let o be 30/5 + (1 - 2). Suppose 0 = r - o*h + 16 - 3, -r = -2*h + 13. Let p = -11 - r. What is the units digit of p?
2
Suppose 99*b - 102*b = -1494. What is the units digit of b?
8
Let m be 1 + 44/4 + 1. What is the tens digit of (m/(-2))/((-1)/14)?
9
Let v(h) = 13*h - 9. Let c be v(5). Suppose -n - c = -8*n. What is the units digit of n?
8
Let x(w) = 262*w**2 - 40*w + 85. What is the thousands digit of x(2)?
1
Let g = -3390 + 5835. What is the units digit of g?
5
Let i(b) = -15*b + 6. Let z be i(-5). Let v = -143 - -91. Let y = v + z. What is the units digit of y?
9
Suppose 49 = 6*h - 107. What is the tens digit of h?
2
Let n = 13 - 9. Let m(a) = -a**2 - 11*a - 26. Let k be m(-6). Suppose -3*d + 0*d + 2*p = -21, k*p = n*d - 32. What is the units digit of d?
5
Let p = -19 + 21. Let l(n) = 19*n**3 + 2*n - 5. What is the tens digit of l(p)?
5
Suppose -b = 3*b + 12, -g - 5*b = 13. Suppose g*z = -h + 108, 0 = -0*z + 3*z - h - 162. What is the tens digit of z?
5
Let n(c) = 17*c + 11. Let j be n(-2). Let x = 116 - j. What is the tens digit of x?
3
Let s(a) = -3*a**2 + 0*a**2 - 2*a**2 + 2*a**2 - a - a**3. Let m be s(-3). Suppose -5*o - 4*u = -105, m*o + 61 = 6*o + 2*u. What is the tens digit of o?
1
Suppose 20 = 2*d - 6*d, -4*d = 4*m - 5320. What is the hundreds digit of m?
3
Suppose -18 = -3*a + 5*l + 7, -5*a + l = -49. Suppose -581 = a*t - 3*t. Let j = -40 - t. What is the units digit of j?
3
Let v be (4 - (1 + 2))*1. Suppose 25 = 2*u + 5*o - v, u = 4*o. What is the units digit of u?
8
Let i(r) = -r**2 - 99*r - 674. What is the tens digit of i(-54)?
5
Let k = 8 - 12. Let t = -9 - -1. What is the units digit of (k/t)/(2/96)?
4
What is the hundreds digit of (85*(-7)/14)/(1/(-78))?
3
Suppose -69 = -3*p - 0. Let m = -9 - p. Let n = -7 - m. What is the units digit of n?
5
Suppose 4*a - a = 3*c + 24, -5*a + 10 = 5*c. Suppose z + 1157 = a*r, 922 = 4*r + 2*z - 4*z. What is the hundreds digit of r?
2
Let f(g) be the second derivative of g**5/20 + 7*g**4/12 + 3*g**2 + 3*g. Let m be f(-7). What is the tens digit of (0 - 0) + (32 - m)?
2
Let z(d) = 7*d**2 - 2*d**2 - d**2 - 3*d**2 + 8*d - 8. What is the tens digit of z(-14)?
7
Suppose o = 3*h - 10, 2*o = -3*o + 25. Suppose -2*g + 29 = n + 6, h*g = -20. What is the tens digit of n?
3
Let b(m) = 2*m. Suppose 0 = 3*j + 5*f + 2, -3*j + 14 = -4*j - 5*f. Suppose -n + j = n. What is the units digit of b(n)?
6
Let q(m) = 62*m - 59. What is the units digit of q(17)?
5
Let m(g) = 19*g**2 + 11*g + 1. What is the hundreds digit of m(10)?
0
Suppose -q + 5 = -5. Let n(g) = g**2 - 7*g + 7. Let r be n(q). Suppose 0 = 5*f - 162 + r. What is the un